 - 53e4?
-53f6
In base 13, what is -3 - 1043b?
-10441
In base 7, what is 6065 - -1400?
10465
In base 9, what is -1370 - 316?
-1686
In base 11, what is -10 - 470?
-480
In base 16, what is 24 + 54ec?
5510
In base 10, what is 9 - 1054?
-1045
In base 16, what is 631e1 + -4?
631dd
In base 5, what is 1 + -144210020?
-144210014
In base 15, what is -124d1e - -2?
-124d1c
In base 12, what is 41b2 - -55?
4247
In base 13, what is -b9c + -76?
-c45
In base 10, what is 5 - -7908?
7913
In base 8, what is -10 - 717015?
-717025
In base 10, what is -6 + -22989?
-22995
In base 7, what is 24 - 154033?
-154006
In base 8, what is 3 + -2627367?
-2627364
In base 4, what is 20 + 2021122?
2021202
In base 15, what is -2 + -17619?
-1761b
In base 5, what is -14 + -1144?
-1213
In base 13, what is 2a + 11383?
113b0
In base 11, what is -49 - 83a?
-888
In base 8, what is 4 - 462016?
-462012
In base 2, what is 1101010011000111101 - 0?
1101010011000111101
In base 15, what is 1a - -34b?
366
In base 3, what is -2111222 - -1211?
-2110011
In base 8, what is 470224 - -1?
470225
In base 14, what is 5cbd + -c?
5cb1
In base 11, what is -107 + -646?
-752
In base 14, what is -155c - a3?
-1621
In base 7, what is -10214 + -10?
-10224
In base 16, what is -9 - ff1?
-ffa
In base 15, what is a + -15?
-a
In base 12, what is -58 + -4236?
-4292
In base 11, what is 542a - -61?
5490
In base 10, what is 12201 - 46?
12155
In base 10, what is 3001271 + -4?
3001267
In base 14, what is -126456 + -2?
-126458
In base 11, what is 9 - 3a05?
-39a7
In base 5, what is 1124200130 - 3?
1124200122
In base 15, what is 63 + 33?
96
In base 11, what is -1942 - 587?
-2419
In base 10, what is -120 - -58?
-62
In base 3, what is 12 + -122011222?
-122011210
In base 13, what is -b36 - -16b?
-998
In base 7, what is 341555 - -26?
341614
In base 9, what is 72004 + 4?
72008
In base 9, what is 367 - -2653?
3131
In base 11, what is 1531 + -105?
1427
In base 12, what is 6b + 6063?
6112
In base 14, what is -19 + 6bb1?
6b96
In base 4, what is -31 - -1022112?
1022021
In base 10, what is -10 + 60157?
60147
In base 15, what is -216 - 1b3?
-3c9
In base 3, what is 102 - 11220010?
-11212201
In base 9, what is 301 + 610?
1011
In base 4, what is -1 + -23303221?
-23303222
In base 2, what is 1101011011011101 + 101010?
1101011100000111
In base 5, what is 20 - 131333?
-131313
In base 16, what is 8f431 + -1?
8f430
In base 2, what is -101 - -111010010110?
111010010001
In base 16, what is 4a78 - -3?
4a7b
In base 9, what is 217 - -434?
652
In base 11, what is 66 + -39?
28
In base 15, what is -4 + 3a73?
3a6e
In base 11, what is -1061 + -717?
-1778
In base 2, what is 1010111 + -11101001110?
-11011110111
In base 8, what is -2671 - -764?
-1705
In base 12, what is 1774564 - 3?
1774561
In base 4, what is 100301213 + 0?
100301213
In base 16, what is -3 - 421?
-424
In base 16, what is 110 - -63?
173
In base 11, what is 177 + -1991?
-1815
In base 5, what is 24 - -200144?
200223
In base 15, what is -4 - -1b7d8?
1b7d4
In base 8, what is -250 + 3422?
3152
In base 16, what is da - -16d0?
17aa
In base 13, what is 10 - 29c4?
-29b4
In base 11, what is -16644 + 3?
-16641
In base 12, what is 1275 - 86?
11ab
In base 12, what is 5 - -70883?
70888
In base 9, what is -76 + 286?
210
In base 3, what is 20 - -202001121121?
202001121211
In base 9, what is 5 - -8337?
8343
In base 10, what is -1707 + 82?
-1625
In base 4, what is -12 + -110010?
-110022
In base 6, what is -1353 - 5?
-1402
In base 13, what is -469 + b?
-45b
In base 5, what is 2444 - -20420?
23414
In base 2, what is 1011001000110101 + 110?
1011001000111011
In base 3, what is 12 + 1001220100?
1001220112
In base 16, what is -921 + -10f?
-a30
In base 4, what is 2 + 112011121?
112011123
In base 7, what is -265 - 204?
-502
In base 15, what is a8 - 20d?
-155
In base 3, what is 1112102222 + -12?
1112102210
In base 6, what is -3 - 2405?
-2412
In base 2, what is 100011001001 - 1010011?
100001110110
In base 3, what is -12 + -2212002212101?
-2212002212120
In base 13, what is -aa941 - -5?
-aa939
In base 5, what is 10 + 122234?
122244
In base 6, what is -451 + 4032?
3141
In base 13, what is -12 - 5a02?
-5a14
In base 8, what is 4 - 4105?
-4101
In base 3, what is -2022 + -11001101?
-11010200
In base 8, what is 14100 - -16?
14116
In base 6, what is -53423 - 11?
-53434
In base 15, what is 2e936 - -5?
2e93b
In base 10, what is -5735 - 1?
-5736
In base 9, what is -282 - 213?
-505
In base 8, what is -27 + -64?
-113
In base 15, what is 4 - 4c5b?
-4c57
In base 4, what is 111323032 - 11?
111323021
In base 10, what is 5 + -140593?
-140588
In base 8, what is 13 + -342?
-327
In base 8, what is 3 - -121761?
121764
In base 15, what is -2 + 1a353?
1a351
In base 2, what is -1010010010011110 - -1?
-1010010010011101
In base 8, what is 13512 - 176?
13314
In base 8, what is 44371 - 0?
44371
In base 14, what is -c1702 - 2?
-c1704
In base 16, what is -23b6 - 1?
-23b7
In base 11, what is -15 + -32360?
-32375
In base 4, what is -10010 + -233?
-10303
In base 12, what is b4b + -7b?
a90
In base 2, what is 110 - -111101010111?
111101011101
In base 16, what is -2 + -ca12?
-ca14
In base 8, what is -70633 - -1?
-70632
In base 3, what is -121 + -1012101202?
-1012102100
In base 5, what is -10 + -2040201?
-2040211
In base 4, what is -13 + 1120120023?
1120120010
In base 9, what is 28 + -17060?
-17031
In base 4, what is 101 - 111113101?
-111113000
In base 4, what is -2 + 12122313?
12122311
In base 12, what is -54 + -4a9?
-541
In base 8, what is 521103 + 3?
521106
In base 3, what is -100002220101 + -101?
-100002220202
In base 13, what is 3 + -46c90?
-46c8a
In base 13, what is -229 - -600?
3a4
In base 9, what is 28 + -58444?
-58415
In base 6, what is 344340 - 5?
344331
In base 4, what is -1 - 23232021?
-23232022
In base 5, what is -103 + 120040?
114432
In base 8, what is -31604 - -110?
-31474
In base 4, what is -100 - 103101210?
-103101310
In base 12, what is -22 + 9695?
9673
In base 16, what is -15c06 - 14?
-15c1a
In base 12, what is 92a91 - -4?
92a95
In base 13, what is 1 + b206?
b207
In base 16, what is -28 - 13847?
-1386f
In base 16, what is -933 + -16?
-949
In base 15, what is -91aa + 11?
-9199
In base 10, what is 3166884 + 2?
3166886
In base 7, what is -105035 + -52?
-105120
In base 7, what is -3 + -665?
-1001
In base 6, what is 5002 - 14214?
-5212
In base 14, what is 3b + 15079?
150b6
In base 4, what is 31 - -11210322?
11211013
In base 2, what is -111011001101010110 - -101?
-111011001101010001
In base 8, what is 11 + 2446?
2457
In base 15, what is -702 - -31?
-6c1
In base 15, what is 849 + 0?
849
In base 11, what is -11 - 642?
-653
In base 4, what is -11002333 + 10?
-11002323
In base 9, what is -56 + -764?
-831
In base 11, what is 11a5 - -1?
11a6
In base 5, what is -401 - -4400?
3444
In base 2, what is 100001 - 101010010110101000?
-101010010110000111
In base 14, what is 356 + 3b?
393
In base 6, what is -5 + -23443?
-23452
In base 9, what is -164 - 6383?
-6557
In base 5, what is -330 - 1234?
-2114
In base 6, what is 50 + -23505?
-23415
In base 11, what is -549 + a6?
-453
In base 5, what is 10 + -103322?
-103312
In base 2, what is -1101111 + -10100011100011010?
-10100011110001001
In base 7, what is 125 + -53366?
-53241
In base 7, what is 0 + -14650?
-14650
In base 7, what is 4 + -2444514?
-2444510
In base 3, what is 110 - -221020220?
221021100
In base 12, what is 122b - -8?
1237
In base 14, what is 5 + -12d05?
-12d00
In base 13, what is -12389 + -3?
-1238c
In base 14, what is 23 + -57?
-34
In base 7, what is 1 + -1121501?
-1121500
In base 10, what is -4085 - -25?
-4060
In base 4, what is -3 - 110133313?
-110133322
In base 16, what is 4d + b67?
bb4
In base 11, what is 234 + -37?
1a8
In base 16, what is -38 + -7d50?
-7d88
In base 12, what is 9a - -4945?
4a23
In base 11, what is 34 - 1266?
-1232
In base 8, what is -5 + 2133660?
2133653
In base 11, what is 7 - 17689?
-17682
In base 5, what is -11321 - 42?
-11413
In base 12, what is 222726 - 7?
22271b
In base 6, what is -2231 + -13550?
-20221
In base 4, what is 23221123 - 0?
23221123
In base 11, what is -5 + -12859?
-12863
In base 11, what is -6a - -12248?
12189
In base 16, what is -4f62 - 0?
-4f62
In base 16, what is -378 + -209?
-581
In base 4, what is 0 + -12232220?
-12232220
In base 15, what is 8 + 46377?